ulate the remainder when 74 is divided by 27.
20
Calculate the remainder when 2843 is divided by 67.
29
What is the remainder when 3980 is divided by 16?
12
Calculate the remainder when 508 is divided by 16.
12
What is the remainder when 455 is divided by 20?
15
Calculate the remainder when 148 is divided by 57.
34
Calculate the remainder when 42 is divided by 11.
9
Calculate the remainder when 551 is divided by 23.
22
Calculate the remainder when 305 is divided by 44.
41
Calculate the remainder when 170 is divided by 59.
52
Calculate the remainder when 1905 is divided by 49.
43
What is the remainder when 273 is divided by 222?
51
Calculate the remainder when 240 is divided by 172.
68
Calculate the remainder when 1934 is divided by 57.
53
Calculate the remainder when 289 is divided by 52.
29
Calculate the remainder when 59 is divided by 9.
5
What is the remainder when 542 is divided by 34?
32
What is the remainder when 554 is divided by 78?
8
What is the remainder when 125 is divided by 90?
35
What is the remainder when 128 is divided by 35?
23
Calculate the remainder when 6895 is divided by 33.
31
Calculate the remainder when 72 is divided by 27.
18
Calculate the remainder when 189 is divided by 22.
13
What is the remainder when 163 is divided by 93?
70
Calculate the remainder when 34 is divided by 24.
10
What is the remainder when 1340 is divided by 90?
80
Calculate the remainder when 761 is divided by 359.
43
What is the remainder when 1595 is divided by 747?
101
What is the remainder when 147 is divided by 4?
3
What is the remainder when 966 is divided by 162?
156
Calculate the remainder when 259 is divided by 52.
51
What is the remainder when 1391 is divided by 175?
166
Calculate the remainder when 37 is divided by 21.
16
Calculate the remainder when 767 is divided by 55.
52
Calculate the remainder when 97 is divided by 2.
1
Calculate the remainder when 2590 is divided by 9.
7
Calculate the remainder when 1101 is divided by 38.
37
What is the remainder when 537 is divided by 60?
57
Calculate the remainder when 14698 is divided by 129.
121
What is the remainder when 51 is divided by 30?
21
Calculate the remainder when 2174 is divided by 11.
7
Calculate the remainder when 118 is divided by 17.
16
Calculate the remainder when 339 is divided by 109.
12
What is the remainder when 104 is divided by 17?
2
Calculate the remainder when 772 is divided by 4.
0
Calculate the remainder when 434 is divided by 73.
69
Calculate the remainder when 258 is divided by 78.
24
Calculate the remainder when 414 is divided by 71.
59
What is the remainder when 159 is divided by 86?
73
What is the remainder when 9872 is divided by 79?
76
Calculate the remainder when 159 is divided by 64.
31
What is the remainder when 3274 is divided by 41?
35
What is the remainder when 52 is divided by 9?
7
What is the remainder when 105 is divided by 27?
24
Calculate the remainder when 688 is divided by 11.
6
What is the remainder when 418 is divided by 12?
10
What is the remainder when 62 is divided by 26?
10
What is the remainder when 533 is divided by 93?
68
Calculate the remainder when 580 is divided by 45.
40
Calculate the remainder when 233 is divided by 166.
67
What is the remainder when 169 is divided by 16?
9
What is the remainder when 1293 is divided by 635?
23
Calculate the remainder when 176 is divided by 166.
10
Calculate the remainder when 320 is divided by 55.
45
Calculate the remainder when 395 is divided by 377.
18
Calculate the remainder when 136 is divided by 63.
10
What is the remainder when 1877 is divided by 314?
307
What is the remainder when 2378 is divided by 52?
38
Calculate the remainder when 75 is divided by 16.
11
Calculate the remainder when 446 is divided by 142.
20
Calculate the remainder when 2537 is divided by 32.
9
Calculate the remainder when 1131 is divided by 21.
18
What is the remainder when 401 is divided by 7?
2
Calculate the remainder when 1274 is divided by 116.
114
Calculate the remainder when 24523 is divided by 24.
19
Calculate the remainder when 455 is divided by 23.
18
What is the remainder when 27281 is divided by 6?
5
Calculate the remainder when 41 is divided by 36.
5
What is the remainder when 1371 is divided by 18?
3
What is the remainder when 115 is divided by 39?
37
What is the remainder when 3164 is divided by 93?
2
What is the remainder when 2330 is divided by 36?
26
What is the remainder when 4139 is divided by 296?
291
Calculate the remainder when 172 is divided by 90.
82
What is the remainder when 115 is divided by 4?
3
Calculate the remainder when 65 is divided by 20.
5
Calculate the remainder when 142 is divided by 11.
10
What is the remainder when 590 is divided by 23?
15
Calculate the remainder when 91 is divided by 19.
15
What is the remainder when 395 is divided by 133?
129
What is the remainder when 5331 is divided by 12?
3
Calculate the remainder when 1314 is divided by 63.
54
Calculate the remainder when 1152 is divided by 59.
31
What is the remainder when 112 is divided by 89?
23
What is the remainder when 342 is divided by 259?
83
Calculate the remainder when 4930 is divided by 4909.
21
What is the remainder when 656 is divided by 60?
56
Calculate the remainder when 431 is divided by 40.
31
What is the remainder when 477 is divided by 16?
13
Calculate the remainder when 224 is divided by 79.
66
Calculate the remainder when 146 is divided by 30.
26
What is the remainder when 823 is divided by 182?
95
Calculate the remainder when 1119 is divided by 16.
15
What is the remainder when 8 is divided by 4?
0
Calculate the remainder when 146 is divided by 97.
49
Calculate the remainder when 17622 is divided by 235.
232
Calculate the remainder when 10 is divided by 6.
4
What is the remainder when 149 is divided by 41?
26
What is the remainder when 333 is divided by 170?
163
Calculate the remainder when 118 is divided by 10.
8
Calculate the remainder when 3125 is divided by 149.
145
Calculate the remainder when 40 is divided by 26.
14
What is the remainder when 739 is divided by 19?
17
Calculate the remainder when 3076 is divided by 181.
180
Calculate the remainder when 518 is divided by 87.
83
Calculate the remainder when 75 is divided by 21.
12
Calculate the remainder when 1226 is divided by 41.
37
What is the remainder when 19950 is divided by 172?
170
What is the remainder when 395 is divided by 235?
160
Calculate the remainder when 1262 is divided by 16.
14
Calculate the remainder when 122 is divided by 46.
30
What is the remainder when 6699 is divided by 2232?
3
What is the remainder when 365 is divided by 62?
55
Calculate the remainder when 378 is divided by 87.
30
What is the remainder when 1003 is divided by 18?
13
Calculate the remainder when 116 is divided by 15.
11
What is the remainder when 573 is divided by 16?
13
What is the remainder when 415 is divided by 35?
30
What is the remainder when 368 is divided by 34?
28
Calculate the remainder when 88 is divided by 23.
19
What is the remainder when 814 is divided by 90?
4
Calculate the remainder when 425 is divided by 86.
81
Calculate the remainder when 78 is divided by 60.
18
Calculate the remainder when 65 is divided by 38.
27
Calculate the remainder when 123 is divided by 118.
5
Calculate the remainder when 39690 is divided by 178.
174
Calculate the remainder when 347 is divided by 29.
28
What is the remainder when 2971 is divided by 273?
241
Calculate the remainder when 2894 is divided by 69.
65
What is the remainder when 362 is divided by 28?
26
What is the remainder when 3655 is divided by 59?
56
What is the remainder when 860 is divided by 24?
20
What is the remainder when 754 is divided by 18?
16
What is the remainder when 202 is divided by 34?
32
Calculate the remainder when 77 is divided by 34.
9
What is the remainder when 2565 is divided by 835?
60
What is the remainder when 347 is divided by 59?
52
What is the remainder when 563 is divided by 63?
59
Calculate the remainder when 24498 is divided by 50.
48
What is the remainder when 54 is divided by 3?
0
What is the remainder when 2356 is divided by 131?
129
What is the remainder when 83 is divided by 53?
30
What is the remainder when 5596 is divided by 13?
6
What is the remainder when 935 is divi